ors of 4/(-18) + 134444/171.
2, 3, 131
Let u = 75 - 112. Let a = u - -114. Let y = a + -40. What are the prime factors of y?
37
Let i(z) = 1 - 5 - 4*z - z**2 + 2*z + 8. Let y be i(-3). Suppose 0 = 4*q + y - 33. List the prime factors of q.
2
Let v(a) = -a**3 + 4*a**2 - 3. Let b be v(5). Let u be (-24)/16*b/3. Suppose 5*m = -0*s - 3*s - u, 5*s - 3*m = 22. List the prime factors of s.
2
Suppose 0 = 4*r - 151 - 57. Suppose -5*q + 308 = -r. What are the prime factors of q?
2, 3
Let h be 32/24*(-39)/(-2). Let y = h - 33. List the prime factors of 256/6 - y/21.
43
Suppose -n - 4*n + 25 = 2*o, 0 = -5*n + 2*o + 5. Suppose n*l - 3*r + 12 - 285 = 0, -r - 1 = 0. List the prime factors of l.
2, 3, 5
Suppose 27 = 2*a + 207. Let q be 2 - 20/4 - a. Suppose s + q = 3*k - 103, -12 = 3*s. What are the prime factors of k?
2, 31
Let h(o) = -2. Let g(u) = -1. Let s(y) = 7*g(y) - 3*h(y). Let p(v) = 2*v + 21. Let z(w) = p(w) + 6*s(w). What are the prime factors of z(0)?
3, 5
Suppose 5*c - 3*k = -30, 2*c + k + 16 = 3*k. Let d = -28 - c. Let b = 18 - d. List the prime factors of b.
43
Suppose -t + 3 = 2*p, 5*t - 3 = -5*p + 2. Let u(s) = -2*s**2 + 2*s - 3. Let r be u(2). List the prime factors of t/r - 370/(-7).
53
Let a = -1180 - -770. Let o = a - -665. List the prime factors of o.
3, 5, 17
Suppose 5*k - f = -4*f + 1252, -3*k + 754 = -f. List the prime factors of k.
251
Let r(f) be the second derivative of f**5/20 + 11*f**4/12 + 7*f**3/3 - 3*f**2 + 4*f. What are the prime factors of r(-7)?
2, 23
Suppose -4*d = 2*u - 3*u + 4, -2*d + 4 = u. Suppose 0 = 4*l - b - 338, -2*l + u*l = -3*b + 162. What are the prime factors of l?
2, 3, 7
Let k be -5*2/(-15)*-3. Let f be (11/4)/((-4)/16). List the prime factors of (-3 + f/2)*k.
17
Let x = 83 - -287. List the prime factors of x.
2, 5, 37
Let w = 3949 + -1896. What are the prime factors of w?
2053
Suppose -101 = 4*c - 81. Suppose 2*w - 5*i = 25, 0 = 2*w - 2*i - 2 - 8. What are the prime factors of (w + c)/(4/(-24))?
2, 3, 5
Let l be (-16)/24*(1 + -4). Let o(k) = -2 - 9*k + 4*k + l*k. What are the prime factors of o(-11)?
31
Suppose 2*w - 6 = 2*l, -5*l - 3*w + 0*w + 1 = 0. What are the prime factors of l + (-4)/(-6)*-3 - -49?
2, 23
Let z(a) = -1 + 10*a - a**2 - 5 - 3. Let n be z(9). Suppose n*y + 30 = 5*y. List the prime factors of y.
2, 3
Suppose 2*w - 110 = 5*b, -2*w - 5*b + 26 = -64. What are the prime factors of (0 - -3) + w - 2?
3, 17
Let r be 3*(-1 + 0)*-2. Suppose 0*a + r = 2*a. Suppose 2*f - 7 = -a. List the prime factors of f.
2
Suppose 34*d = 10187 + 15279. What are the prime factors of d?
7, 107
Suppose -3*o - 1 = -2*x + 2, -2*o = x + 2. Let n(k) = -k**3 - k**2 + 2*k + 29. List the prime factors of n(x).
29
Let h = 634 - -242. What are the prime factors of h?
2, 3, 73
Let a = 89 + -87. Suppose -250 = -2*o + 5*k - 49, a*k = 2*o - 186. What are the prime factors of o?
2, 11
Suppose 3*y - 1344 = -3*o, -2*y + 6*y - 888 = -2*o. List the prime factors of o.
2, 113
Let w(z) = 1047*z + 12. What are the prime factors of w(1)?
3, 353
Let u = 48 + 17. Let i be ((-55)/22 + -1)*2. Let y = i + u. List the prime factors of y.
2, 29
Suppose 24*t = -5*i + 20*t + 11551, 2*t - 8 = 0. What are the prime factors of i?
3, 769
Let r(k) = -k**3 + 14*k**2 + 7*k - 5. Let o be r(8). Let x = o + -286. List the prime factors of x.
149
Suppose 11*w = 3*w - 40. What are the prime factors of ((-15)/2)/w*(-172)/(-6)?
43
Let s = -119 + 1585. What are the prime factors of s?
2, 733
What are the prime factors of ((-986)/4)/((-41)/(-6) + -7)?
3, 17, 29
Suppose -4*f - 3*k = -2*k - 420, 5*f + 3*k - 518 = 0. Let s = f - -96. List the prime factors of s.
2, 101
Let k(n) be the first derivative of n**4/4 + 20*n**3/3 - 33*n**2/2 + 6*n + 12. What are the prime factors of k(-21)?
2, 3, 43
Let a be ((-22)/4)/((-5)/10). Suppose 3*r + a = 3*q + 26, 0 = -4*r + 5*q + 16. Suppose 63 = 3*z - r. What are the prime factors of z?
2, 3
Suppose 2*p - 89 = h, -4*h + 3*p - 363 + 17 = 0. List the prime factors of (-3)/18 + h/(-6).
2, 7
Let b = -18 - -21. List the prime factors of b - (-3 - (46 + -2)).
2, 5
Let n be -5*((-648)/15)/6. Suppose 4*z + 32 = 2*z + 4*o, 2*o = 3*z + n. Let v(a) = -a**3 - 9*a**2 + 10*a + 9. What are the prime factors of v(z)?
3
Let w(p) = p**3 - 34*p**2 + 39*p - 71. List the prime factors of w(33).
127
Suppose 6*m + 3*m = 4104. List the prime factors of m.
2, 3, 19
Let l = 4 - 16. Let w = 6 + l. Let u(r) = 2*r**2 + 9*r + 13. List the prime factors of u(w).
31
Suppose -2058 - 3570 = -84*i. List the prime factors of i.
67
Let g(n) = -n**2 - 7*n + 16. Let w be g(-7). Suppose -10*y = -w*y + 498. What are the prime factors of y?
83
Let s = -173 - -261. List the prime factors of s.
2, 11
What are the prime factors of 525/(-49) - -11 - (-7654)/14?
547
Let b(z) = -z**3 + 26*z**2 - 6*z - 98. What are the prime factors of b(23)?
7, 193
Let b(n) = n**3 + 28*n**2 + 3*n - 6. List the prime factors of b(-9).
2, 3, 251
List the prime factors of ((-14)/6)/(31/(-5394)).
2, 7, 29
What are the prime factors of (12/(-48))/((-1)/2524)?
631
Let w(b) = b**3 - 9*b**2 - 10*b + 5. Let z be w(10). Suppose 2*n + 274 = 4*o, 2*o - 64 = -z*n + 79. What are the prime factors of o?
3, 23
Let l be -98 + 0/(3/(-1)). List the prime factors of (-7)/14*(l - 0).
7
Let f = 1231 + 714. List the prime factors of f.
5, 389
Suppose -2*s + 2*f + 46 = 0, 0 = -2*s - f + 5*f + 38. Let u = -3 + s. What are the prime factors of u?
2, 3
Suppose 2*b - 3 = 3. Let i be -3 + 0 + 0 + 0. List the prime factors of ((-142)/i)/(2/b).
71
Suppose 5*f - 17 - 8 = 0. Suppose -f*q + 95 = 5*h - 85, 5*q - 25 = 0. List the prime factors of (8 - 7)/(1/h).
31
Let k(j) = -66*j + 50. What are the prime factors of k(-4)?
2, 157
Let p be 0 + (-2)/((-6)/63). Suppose p + 83 = 2*i. List the prime factors of i.
2, 13
Let j(w) = -w**2 + 15*w + 50. Let o be j(15). What are the prime factors of (132*(-5)/(-50))/(4/o)?
3, 5, 11
Let r = -79 - -51. Let a = r - -24. List the prime factors of -69*(a + 20/6).
2, 23
Suppose 0 = -11*g + 6*g + 5, -x = -3*g. Suppose 262 = x*w - 194. List the prime factors of w.
2, 19
Let h(p) = 10 + 2*p + 7 + 13 - 31. Let i be h(-6). Let v = i - -76. What are the prime factors of v?
3, 7
Let h(u) = u. Let y be h(4). Suppose -5*s + 500 = 2*n, n + 226 + 174 = y*s. List the prime factors of s.
2, 5
Suppose 5*u - 737 = -4*h, 5*h - 4*u - 870 = -0*u. What are the prime factors of h?
2, 89
Let b be (-42)/6*-1*1. Suppose -5*f = -b*f + 86. What are the prime factors of f?
43
Let y be 6/4*10/5. Let t(n) = n**3 - 2*n**2 - 4*n + 1. Let z be t(y). Let r = 16 + z. List the prime factors of r.
2, 7
Let z be (132/10)/3 - (-8)/(-20). Suppose -2*c + 273 = 3*c + z*y, y = -c + 55. List the prime factors of c.
53
Let w be (-17)/1 - (-5 - -5). Let j = w - -22. Suppose 275 = -0*q + j*q. What are the prime factors of q?
5, 11
Let v be 1/((-4)/20)*-1. Suppose 29 = 5*o + 9. Let j = o + v. List the prime factors of j.
3
Let a be (-1)/5 - (-16)/5. Suppose p + 2*p = -0*p. Suppose p*r + a*r = 75. What are the prime factors of r?
5
Let y(d) be the third derivative of -d**5/60 - d**3/6 - 5*d**2. Let o be y(1). Let l = o - -15. List the prime factors of l.
13
Suppose 0 = -4*h + 13 - 1. Suppose -h + 109 = o. List the prime factors of o.
2, 53
Let r(i) be the third derivative of -i**6/120 + 7*i**5/30 - 11*i**4/24 - 4*i**3/3 + 3*i**2. What are the prime factors of r(12)?
2, 37
Let o = 85 - 54. Suppose 375 = 2*r - o. What are the prime factors of r?
7, 29
Let h = 467 - 151. List the prime factors of h.
2, 79
Suppose -10*r + 1 = -19. Suppose 5*p + r*s + 0*s - 384 = 0, -5*s + 10 = 0. What are the prime factors of p?
2, 19
List the prime factors of 20*593/8*(-4)/(-10).
593
Let t(z) = -13*z - 4. Let r be t(1). Let a = r - -110. List the prime factors of a.
3, 31
Let w = -8 - 461. Let t = -195 - w. List the prime factors of t.
2, 137
Suppose -5*y + 4 + 21 = 0. Suppose -2*p - 84 = -y*p. What are the prime factors of 33/2*p/21?
2, 11
Suppose 2*p = 3*p + 2*p. Suppose -2*h - 94 + 594 = p. List the prime factors of h.
2, 5
Let w = -5 + 71. What are the prime factors of w/4 + 6/12?
17
Suppose -2*l - 2*l + 5*s + 45 = 0, 2*l + 4*s - 16 = 0. Suppose 4*r + 3*i - 358 = 5*i, -2*i - l = 0. List the prime factors of r.
3, 29
Let l(k) = 2*k**2 - 17*k - 104. List